{"id":7,"date":"2023-11-11T17:14:21","date_gmt":"2023-11-11T17:14:21","guid":{"rendered":"https:\/\/magenta-giraffe-597569.hostingersite.com\/index.php\/cart\/"},"modified":"2023-11-11T17:14:21","modified_gmt":"2023-11-11T17:14:21","slug":"cart","status":"publish","type":"page","link":"https:\/\/acadia.com.tr\/index.php\/cart\/","title":{"rendered":"Cart"},"content":{"rendered":"\n","protected":false},"excerpt":{"rendered":"","protected":false},"author":1,"featured_media":0,"parent":0,"menu_order":0,"comment_status":"closed","ping_status":"closed","template":"","meta":{"pmpro_default_level":"","rs_blank_template":"","rs_page_bg_color":"","slide_template_v7":"","footnotes":""},"class_list":["post-7","page","type-page","status-publish","hentry","pmpro-has-access"],"yoast_head":"<!-- This site is optimized with the Yoast SEO Premium plugin v26.9 (Yoast SEO v27.5) - https:\/\/yoast.com\/product\/yoast-seo-premium-wordpress\/ -->\n<title>Cart - acadia ACAD\u0130A Acadia acadia ACADIA ACADIA COM TR ALAN ADI SATILIK F\u0130YATI : 10 BITCOIN = 10 BTC = 36.000.000TL + %20 KDV = 43.200.000 TL 05519715791 gokhan ege GOKHAN EGE info@gokhanege.com.tr www.acadia.com.tr info@magenta-giraffe-597569.hostingersite.com AKADEM\u0130 OKUL KURS DERHANE ONL\u0130NE DERS UZAKTAN E\u011e\u0130T\u0130M GLOBAL E\u011e\u0130T\u0130M D\u0130J\u0130TAL E\u011e\u0130T\u0130M YURT DI\u015eI E\u011e\u0130T\u0130M<\/title>\n<meta name=\"robots\" content=\"index, follow, max-snippet:-1, max-image-preview:large, max-video-preview:-1\" \/>\n<link rel=\"canonical\" href=\"https:\/\/magenta-giraffe-597569.hostingersite.com\/index.php\/cart\/\" \/>\n<meta property=\"og:locale\" content=\"en_US\" \/>\n<meta property=\"og:type\" content=\"article\" \/>\n<meta property=\"og:title\" content=\"Cart\" \/>\n<meta property=\"og:url\" content=\"https:\/\/magenta-giraffe-597569.hostingersite.com\/index.php\/cart\/\" \/>\n<meta property=\"og:site_name\" content=\"acadia ACAD\u0130A Acadia acadia ACADIA ACADIA COM TR ALAN ADI SATILIK F\u0130YATI : 10 BITCOIN = 10 BTC = 36.000.000TL + %20 KDV = 43.200.000 TL 05519715791 gokhan ege GOKHAN EGE info@gokhanege.com.tr www.acadia.com.tr info@magenta-giraffe-597569.hostingersite.com AKADEM\u0130 OKUL KURS DERHANE ONL\u0130NE DERS UZAKTAN E\u011e\u0130T\u0130M GLOBAL E\u011e\u0130T\u0130M D\u0130J\u0130TAL E\u011e\u0130T\u0130M YURT DI\u015eI E\u011e\u0130T\u0130M\" \/>\n<meta name=\"twitter:card\" content=\"summary_large_image\" \/>\n<script type=\"application\/ld+json\" class=\"yoast-schema-graph\">{\"@context\":\"https:\\\/\\\/schema.org\",\"@graph\":[{\"@type\":\"WebPage\",\"@id\":\"https:\\\/\\\/magenta-giraffe-597569.hostingersite.com\\\/index.php\\\/cart\\\/\",\"url\":\"https:\\\/\\\/magenta-giraffe-597569.hostingersite.com\\\/index.php\\\/cart\\\/\",\"name\":\"Cart - acadia ACAD\u0130A Acadia acadia ACADIA ACADIA COM TR ALAN ADI SATILIK F\u0130YATI : 10 BITCOIN = 10 BTC = 36.000.000TL + %20 KDV = 43.200.000 TL 05519715791 gokhan ege GOKHAN EGE info@gokhanege.com.tr www.acadia.com.tr info@magenta-giraffe-597569.hostingersite.com AKADEM\u0130 OKUL KURS DERHANE ONL\u0130NE DERS UZAKTAN E\u011e\u0130T\u0130M GLOBAL E\u011e\u0130T\u0130M D\u0130J\u0130TAL E\u011e\u0130T\u0130M YURT DI\u015eI E\u011e\u0130T\u0130M\",\"isPartOf\":{\"@id\":\"https:\\\/\\\/magenta-giraffe-597569.hostingersite.com\\\/#website\"},\"datePublished\":\"2023-11-11T17:14:21+00:00\",\"breadcrumb\":{\"@id\":\"https:\\\/\\\/magenta-giraffe-597569.hostingersite.com\\\/index.php\\\/cart\\\/#breadcrumb\"},\"inLanguage\":\"en-US\",\"potentialAction\":[{\"@type\":\"ReadAction\",\"target\":[\"https:\\\/\\\/magenta-giraffe-597569.hostingersite.com\\\/index.php\\\/cart\\\/\"]}]},{\"@type\":\"BreadcrumbList\",\"@id\":\"https:\\\/\\\/magenta-giraffe-597569.hostingersite.com\\\/index.php\\\/cart\\\/#breadcrumb\",\"itemListElement\":[{\"@type\":\"ListItem\",\"position\":1,\"name\":\"Anasayfa\",\"item\":\"https:\\\/\\\/magenta-giraffe-597569.hostingersite.com\\\/\"},{\"@type\":\"ListItem\",\"position\":2,\"name\":\"Cart\"}]},{\"@type\":\"WebSite\",\"@id\":\"https:\\\/\\\/magenta-giraffe-597569.hostingersite.com\\\/#website\",\"url\":\"https:\\\/\\\/magenta-giraffe-597569.hostingersite.com\\\/\",\"name\":\"acadia ACAD\u0130A Acadia acadia ACADIA ACADIA COM TR ALAN ADI SATILIKTIR SATILIKTIR FIYATI : 2.100.000TL + KDV = 2.520.000 TL 05519715791 gokhan ege GOKHAN EGE info@gokhanege.com.tr www.acadia.com.tr info@magenta-giraffe-597569.hostingersite.com AKADEM\u0130 OKUL KURS DERHANE ONL\u0130NE DERS UZAKTAN E\u011e\u0130T\u0130M GLOBAL E\u011e\u0130T\u0130M D\u0130J\u0130TAL E\u011e\u0130T\u0130M YURT DI\u015eI E\u011e\u0130T\u0130M\",\"description\":\"acadia ACAD\u0130A Acadia  acadia ACADIA ACADIA COM TR ALAN ADI SATILIK F\u0130YATI : 10 BITCOIN = 10 BTC = 36.000.000TL + %20 KDV = 43.200.000 TL   05519715791 gokhan ege GOKHAN EGE  info@gokhanege.com.tr www.acadia.com.tr info@magenta-giraffe-597569.hostingersite.com AKADEM\u0130 OKUL KURS DERHANE ONL\u0130NE DERS  UZAKTAN E\u011e\u0130T\u0130M GLOBAL E\u011e\u0130T\u0130M D\u0130J\u0130TAL E\u011e\u0130T\u0130M  YURT DI\u015eI E\u011e\u0130T\u0130M\",\"publisher\":{\"@id\":\"https:\\\/\\\/magenta-giraffe-597569.hostingersite.com\\\/#organization\"},\"potentialAction\":[{\"@type\":\"SearchAction\",\"target\":{\"@type\":\"EntryPoint\",\"urlTemplate\":\"https:\\\/\\\/magenta-giraffe-597569.hostingersite.com\\\/?s={search_term_string}\"},\"query-input\":{\"@type\":\"PropertyValueSpecification\",\"valueRequired\":true,\"valueName\":\"search_term_string\"}}],\"inLanguage\":\"en-US\"},{\"@type\":\"Organization\",\"@id\":\"https:\\\/\\\/magenta-giraffe-597569.hostingersite.com\\\/#organization\",\"name\":\"acadia ACAD\u0130A Acadia acadia ACADIA ACADIA COM TR ALAN ADI SATILIKTIR SATILIKTIR FIYATI : 2.100.000TL + KDV = 2.520.000 TL 05519715791 gokhan ege GOKHAN EGE info@gokhanege.com.tr www.acadia.com.tr info@magenta-giraffe-597569.hostingersite.com AKADEM\u0130 OKUL KURS DERHANE ONL\u0130NE DERS UZAKTAN E\u011e\u0130T\u0130M GLOBAL E\u011e\u0130T\u0130M D\u0130J\u0130TAL E\u011e\u0130T\u0130M YURT DI\u015eI E\u011e\u0130T\u0130M\",\"url\":\"https:\\\/\\\/magenta-giraffe-597569.hostingersite.com\\\/\",\"logo\":{\"@type\":\"ImageObject\",\"inLanguage\":\"en-US\",\"@id\":\"https:\\\/\\\/magenta-giraffe-597569.hostingersite.com\\\/#\\\/schema\\\/logo\\\/image\\\/\",\"url\":\"https:\\\/\\\/acadia.com.tr\\\/wp-content\\\/uploads\\\/2015\\\/07\\\/Fotolia_70423620_Subscription_Monthly_M-667x999-1.jpg\",\"contentUrl\":\"https:\\\/\\\/acadia.com.tr\\\/wp-content\\\/uploads\\\/2015\\\/07\\\/Fotolia_70423620_Subscription_Monthly_M-667x999-1.jpg\",\"width\":667,\"height\":999,\"caption\":\"acadia ACAD\u0130A Acadia acadia ACADIA ACADIA COM TR ALAN ADI SATILIKTIR SATILIKTIR FIYATI : 2.100.000TL + KDV = 2.520.000 TL 05519715791 gokhan ege GOKHAN EGE info@gokhanege.com.tr www.acadia.com.tr info@magenta-giraffe-597569.hostingersite.com AKADEM\u0130 OKUL KURS DERHANE ONL\u0130NE DERS UZAKTAN E\u011e\u0130T\u0130M GLOBAL E\u011e\u0130T\u0130M D\u0130J\u0130TAL E\u011e\u0130T\u0130M YURT DI\u015eI E\u011e\u0130T\u0130M\"},\"image\":{\"@id\":\"https:\\\/\\\/magenta-giraffe-597569.hostingersite.com\\\/#\\\/schema\\\/logo\\\/image\\\/\"}}]}<\/script>\n<!-- \/ Yoast SEO Premium plugin. -->","yoast_head_json":{"title":"Cart - acadia ACAD\u0130A Acadia acadia ACADIA ACADIA COM TR ALAN ADI SATILIK F\u0130YATI : 10 BITCOIN = 10 BTC = 36.000.000TL + %20 KDV = 43.200.000 TL 05519715791 gokhan ege GOKHAN EGE info@gokhanege.com.tr www.acadia.com.tr info@magenta-giraffe-597569.hostingersite.com AKADEM\u0130 OKUL KURS DERHANE ONL\u0130NE DERS UZAKTAN E\u011e\u0130T\u0130M GLOBAL E\u011e\u0130T\u0130M D\u0130J\u0130TAL E\u011e\u0130T\u0130M YURT DI\u015eI E\u011e\u0130T\u0130M","robots":{"index":"index","follow":"follow","max-snippet":"max-snippet:-1","max-image-preview":"max-image-preview:large","max-video-preview":"max-video-preview:-1"},"canonical":"https:\/\/magenta-giraffe-597569.hostingersite.com\/index.php\/cart\/","og_locale":"en_US","og_type":"article","og_title":"Cart","og_url":"https:\/\/magenta-giraffe-597569.hostingersite.com\/index.php\/cart\/","og_site_name":"acadia ACAD\u0130A Acadia acadia ACADIA ACADIA COM TR ALAN ADI SATILIK F\u0130YATI : 10 BITCOIN = 10 BTC = 36.000.000TL + %20 KDV = 43.200.000 TL 05519715791 gokhan ege GOKHAN EGE info@gokhanege.com.tr www.acadia.com.tr info@magenta-giraffe-597569.hostingersite.com AKADEM\u0130 OKUL KURS DERHANE ONL\u0130NE DERS UZAKTAN E\u011e\u0130T\u0130M GLOBAL E\u011e\u0130T\u0130M D\u0130J\u0130TAL E\u011e\u0130T\u0130M YURT DI\u015eI E\u011e\u0130T\u0130M","twitter_card":"summary_large_image","schema":{"@context":"https:\/\/schema.org","@graph":[{"@type":"WebPage","@id":"https:\/\/magenta-giraffe-597569.hostingersite.com\/index.php\/cart\/","url":"https:\/\/magenta-giraffe-597569.hostingersite.com\/index.php\/cart\/","name":"Cart - acadia ACAD\u0130A Acadia acadia ACADIA ACADIA COM TR ALAN ADI SATILIK F\u0130YATI : 10 BITCOIN = 10 BTC = 36.000.000TL + %20 KDV = 43.200.000 TL 05519715791 gokhan ege GOKHAN EGE info@gokhanege.com.tr www.acadia.com.tr info@magenta-giraffe-597569.hostingersite.com AKADEM\u0130 OKUL KURS DERHANE ONL\u0130NE DERS UZAKTAN E\u011e\u0130T\u0130M GLOBAL E\u011e\u0130T\u0130M D\u0130J\u0130TAL E\u011e\u0130T\u0130M YURT DI\u015eI E\u011e\u0130T\u0130M","isPartOf":{"@id":"https:\/\/magenta-giraffe-597569.hostingersite.com\/#website"},"datePublished":"2023-11-11T17:14:21+00:00","breadcrumb":{"@id":"https:\/\/magenta-giraffe-597569.hostingersite.com\/index.php\/cart\/#breadcrumb"},"inLanguage":"en-US","potentialAction":[{"@type":"ReadAction","target":["https:\/\/magenta-giraffe-597569.hostingersite.com\/index.php\/cart\/"]}]},{"@type":"BreadcrumbList","@id":"https:\/\/magenta-giraffe-597569.hostingersite.com\/index.php\/cart\/#breadcrumb","itemListElement":[{"@type":"ListItem","position":1,"name":"Anasayfa","item":"https:\/\/magenta-giraffe-597569.hostingersite.com\/"},{"@type":"ListItem","position":2,"name":"Cart"}]},{"@type":"WebSite","@id":"https:\/\/magenta-giraffe-597569.hostingersite.com\/#website","url":"https:\/\/magenta-giraffe-597569.hostingersite.com\/","name":"acadia ACAD\u0130A Acadia acadia ACADIA ACADIA COM TR ALAN ADI SATILIKTIR SATILIKTIR FIYATI : 2.100.000TL + KDV = 2.520.000 TL 05519715791 gokhan ege GOKHAN EGE info@gokhanege.com.tr www.acadia.com.tr info@magenta-giraffe-597569.hostingersite.com AKADEM\u0130 OKUL KURS DERHANE ONL\u0130NE DERS UZAKTAN E\u011e\u0130T\u0130M GLOBAL E\u011e\u0130T\u0130M D\u0130J\u0130TAL E\u011e\u0130T\u0130M YURT DI\u015eI E\u011e\u0130T\u0130M","description":"acadia ACAD\u0130A Acadia  acadia ACADIA ACADIA COM TR ALAN ADI SATILIK F\u0130YATI : 10 BITCOIN = 10 BTC = 36.000.000TL + %20 KDV = 43.200.000 TL   05519715791 gokhan ege GOKHAN EGE  info@gokhanege.com.tr www.acadia.com.tr info@magenta-giraffe-597569.hostingersite.com AKADEM\u0130 OKUL KURS DERHANE ONL\u0130NE DERS  UZAKTAN E\u011e\u0130T\u0130M GLOBAL E\u011e\u0130T\u0130M D\u0130J\u0130TAL E\u011e\u0130T\u0130M  YURT DI\u015eI E\u011e\u0130T\u0130M","publisher":{"@id":"https:\/\/magenta-giraffe-597569.hostingersite.com\/#organization"},"potentialAction":[{"@type":"SearchAction","target":{"@type":"EntryPoint","urlTemplate":"https:\/\/magenta-giraffe-597569.hostingersite.com\/?s={search_term_string}"},"query-input":{"@type":"PropertyValueSpecification","valueRequired":true,"valueName":"search_term_string"}}],"inLanguage":"en-US"},{"@type":"Organization","@id":"https:\/\/magenta-giraffe-597569.hostingersite.com\/#organization","name":"acadia ACAD\u0130A Acadia acadia ACADIA ACADIA COM TR ALAN ADI SATILIKTIR SATILIKTIR FIYATI : 2.100.000TL + KDV = 2.520.000 TL 05519715791 gokhan ege GOKHAN EGE info@gokhanege.com.tr www.acadia.com.tr info@magenta-giraffe-597569.hostingersite.com AKADEM\u0130 OKUL KURS DERHANE ONL\u0130NE DERS UZAKTAN E\u011e\u0130T\u0130M GLOBAL E\u011e\u0130T\u0130M D\u0130J\u0130TAL E\u011e\u0130T\u0130M YURT DI\u015eI E\u011e\u0130T\u0130M","url":"https:\/\/magenta-giraffe-597569.hostingersite.com\/","logo":{"@type":"ImageObject","inLanguage":"en-US","@id":"https:\/\/magenta-giraffe-597569.hostingersite.com\/#\/schema\/logo\/image\/","url":"https:\/\/acadia.com.tr\/wp-content\/uploads\/2015\/07\/Fotolia_70423620_Subscription_Monthly_M-667x999-1.jpg","contentUrl":"https:\/\/acadia.com.tr\/wp-content\/uploads\/2015\/07\/Fotolia_70423620_Subscription_Monthly_M-667x999-1.jpg","width":667,"height":999,"caption":"acadia ACAD\u0130A Acadia acadia ACADIA ACADIA COM TR ALAN ADI SATILIKTIR SATILIKTIR FIYATI : 2.100.000TL + KDV = 2.520.000 TL 05519715791 gokhan ege GOKHAN EGE info@gokhanege.com.tr www.acadia.com.tr info@magenta-giraffe-597569.hostingersite.com AKADEM\u0130 OKUL KURS DERHANE ONL\u0130NE DERS UZAKTAN E\u011e\u0130T\u0130M GLOBAL E\u011e\u0130T\u0130M D\u0130J\u0130TAL E\u011e\u0130T\u0130M YURT DI\u015eI E\u011e\u0130T\u0130M"},"image":{"@id":"https:\/\/magenta-giraffe-597569.hostingersite.com\/#\/schema\/logo\/image\/"}}]}},"_hostinger_reach_plugin_has_subscription_block":false,"_hostinger_reach_plugin_is_elementor":false,"_links":{"self":[{"href":"https:\/\/acadia.com.tr\/index.php\/wp-json\/wp\/v2\/pages\/7","targetHints":{"allow":["GET"]}}],"collection":[{"href":"https:\/\/acadia.com.tr\/index.php\/wp-json\/wp\/v2\/pages"}],"about":[{"href":"https:\/\/acadia.com.tr\/index.php\/wp-json\/wp\/v2\/types\/page"}],"author":[{"embeddable":true,"href":"https:\/\/acadia.com.tr\/index.php\/wp-json\/wp\/v2\/users\/1"}],"replies":[{"embeddable":true,"href":"https:\/\/acadia.com.tr\/index.php\/wp-json\/wp\/v2\/comments?post=7"}],"version-history":[{"count":0,"href":"https:\/\/acadia.com.tr\/index.php\/wp-json\/wp\/v2\/pages\/7\/revisions"}],"wp:attachment":[{"href":"https:\/\/acadia.com.tr\/index.php\/wp-json\/wp\/v2\/media?parent=7"}],"curies":[{"name":"wp","href":"https:\/\/api.w.org\/{rel}","templated":true}]}}